{"id":14,"date":"2021-11-21T15:14:19","date_gmt":"2021-11-21T15:14:19","guid":{"rendered":"https:\/\/persettekstil.com.tr\/?page_id=14"},"modified":"2025-01-28T13:17:57","modified_gmt":"2025-01-28T10:17:57","slug":"about","status":"publish","type":"page","link":"https:\/\/persettekstil.com.tr\/?page_id=14","title":{"rendered":"About"},"content":{"rendered":"\t\t<div data-elementor-type=\"wp-page\" data-elementor-id=\"14\" class=\"elementor elementor-14\">\n\t\t\t\t\t\t<section class=\"elementor-section elementor-top-section elementor-element elementor-element-3447f83 elementor-section-height-min-height elementor-section-boxed elementor-section-height-default elementor-section-items-middle\" data-id=\"3447f83\" data-element_type=\"section\" data-e-type=\"section\" data-settings=\"{&quot;background_background&quot;:&quot;classic&quot;}\">\n\t\t\t\t\t\t<div class=\"elementor-container elementor-column-gap-default\">\n\t\t\t\t\t<div class=\"elementor-column elementor-col-100 elementor-top-column elementor-element elementor-element-b3a35f8\" data-id=\"b3a35f8\" data-element_type=\"column\" data-e-type=\"column\">\n\t\t\t<div class=\"elementor-widget-wrap elementor-element-populated\">\n\t\t\t\t\t\t<div class=\"elementor-element elementor-element-32eb271 elementor-widget elementor-widget-heading\" data-id=\"32eb271\" data-element_type=\"widget\" data-e-type=\"widget\" data-widget_type=\"heading.default\">\n\t\t\t\t<div class=\"elementor-widget-container\">\n\t\t\t\t\t<h1 class=\"elementor-heading-title elementor-size-default\">Hakk\u0131m\u0131zda<\/h1>\t\t\t\t<\/div>\n\t\t\t\t<\/div>\n\t\t\t\t\t<\/div>\n\t\t<\/div>\n\t\t\t\t\t<\/div>\n\t\t<\/section>\n\t\t\t\t<section class=\"elementor-section elementor-top-section elementor-element elementor-element-f948c6a elementor-section-boxed elementor-section-height-default elementor-section-height-default\" data-id=\"f948c6a\" data-element_type=\"section\" data-e-type=\"section\">\n\t\t\t\t\t\t<div class=\"elementor-container elementor-column-gap-default\">\n\t\t\t\t\t<div class=\"elementor-column elementor-col-50 elementor-top-column elementor-element elementor-element-25b9eda\" data-id=\"25b9eda\" data-element_type=\"column\" data-e-type=\"column\">\n\t\t\t<div class=\"elementor-widget-wrap elementor-element-populated\">\n\t\t\t\t\t\t<div class=\"elementor-element elementor-element-2d2296c elementor-widget__width-initial elementor-widget elementor-widget-heading\" data-id=\"2d2296c\" data-element_type=\"widget\" data-e-type=\"widget\" data-widget_type=\"heading.default\">\n\t\t\t\t<div class=\"elementor-widget-container\">\n\t\t\t\t\t<h2 class=\"elementor-heading-title elementor-size-default\">HAKKIMIZDA<br><br><p style=\"margin-bottom: 0px;font-style: normal;font-size: 20px;line-height: normal\"><b>Perset Tekstil Sanayi Ve Ticaret Limited \u015eirketi, 2008 y\u0131l\u0131nda bug\u00fcne kendini s\u00fcrekli geli\u015ftirerek m\u00fc\u015fterilerine her ge\u00e7en g\u00fcn daha y\u00fcksek kalitede ve daha iyi hizmet vermeyi ama\u00e7lamaktad\u0131r. Bu vizyon do\u011frultusunda 2019 y\u0131l\u0131nda, y\u0131ll\u0131k yakla\u015f\u0131k 2.5 milyon kg \u00fcretim kapasitesine sahip boya ve terbiye tesisi yat\u0131r\u0131m\u0131yla hizmet kalitesini g\u00fc\u00e7lendirmi\u015ftir. Hali haz\u0131rda ba\u015fta ceplik ve g\u00f6mleklik kuma\u015flar olmak \u00fczere bir\u00e7ok kuma\u015f ihtiyac\u0131na y\u00f6nelik hizmet vermektedir.<\/b><\/p><\/h2>\t\t\t\t<\/div>\n\t\t\t\t<\/div>\n\t\t\t\t\t<\/div>\n\t\t<\/div>\n\t\t\t\t<div class=\"elementor-column elementor-col-50 elementor-top-column elementor-element elementor-element-758bdbf\" data-id=\"758bdbf\" data-element_type=\"column\" data-e-type=\"column\">\n\t\t\t<div class=\"elementor-widget-wrap elementor-element-populated\">\n\t\t\t\t\t\t<div class=\"elementor-element elementor-element-93a0ef7 elementor-widget elementor-widget-image\" data-id=\"93a0ef7\" data-element_type=\"widget\" data-e-type=\"widget\" data-widget_type=\"image.default\">\n\t\t\t\t<div class=\"elementor-widget-container\">\n\t\t\t\t\t\t\t\t\t\t\t\t\t\t\t<img fetchpriority=\"high\" decoding=\"async\" width=\"683\" height=\"1024\" src=\"https:\/\/persettekstil.com.tr\/wp-content\/uploads\/2023\/11\/pexels-kassia-melo-14231864-683x1024.jpg\" class=\"attachment-large size-large wp-image-1858\" alt=\"\" srcset=\"https:\/\/persettekstil.com.tr\/wp-content\/uploads\/2023\/11\/pexels-kassia-melo-14231864-683x1024.jpg 683w, https:\/\/persettekstil.com.tr\/wp-content\/uploads\/2023\/11\/pexels-kassia-melo-14231864-200x300.jpg 200w, https:\/\/persettekstil.com.tr\/wp-content\/uploads\/2023\/11\/pexels-kassia-melo-14231864-768x1152.jpg 768w, https:\/\/persettekstil.com.tr\/wp-content\/uploads\/2023\/11\/pexels-kassia-melo-14231864-1024x1536.jpg 1024w, https:\/\/persettekstil.com.tr\/wp-content\/uploads\/2023\/11\/pexels-kassia-melo-14231864-1365x2048.jpg 1365w, https:\/\/persettekstil.com.tr\/wp-content\/uploads\/2023\/11\/pexels-kassia-melo-14231864-scaled.jpg 1707w\" sizes=\"(max-width: 683px) 100vw, 683px\" \/>\t\t\t\t\t\t\t\t\t\t\t\t\t\t\t<\/div>\n\t\t\t\t<\/div>\n\t\t\t\t\t<\/div>\n\t\t<\/div>\n\t\t\t\t\t<\/div>\n\t\t<\/section>\n\t\t\t\t<section class=\"elementor-section elementor-top-section elementor-element elementor-element-460970c elementor-section-boxed elementor-section-height-default elementor-section-height-default\" data-id=\"460970c\" data-element_type=\"section\" data-e-type=\"section\">\n\t\t\t\t\t\t<div class=\"elementor-container elementor-column-gap-wide\">\n\t\t\t\t\t<div class=\"elementor-column elementor-col-50 elementor-top-column elementor-element elementor-element-21f68a6\" data-id=\"21f68a6\" data-element_type=\"column\" data-e-type=\"column\">\n\t\t\t<div class=\"elementor-widget-wrap elementor-element-populated\">\n\t\t\t\t\t\t<div class=\"elementor-element elementor-element-670e6d2 elementor-widget elementor-widget-image\" data-id=\"670e6d2\" data-element_type=\"widget\" data-e-type=\"widget\" data-widget_type=\"image.default\">\n\t\t\t\t<div class=\"elementor-widget-container\">\n\t\t\t\t\t\t\t\t\t\t\t\t\t\t\t<img decoding=\"async\" width=\"683\" height=\"1024\" src=\"https:\/\/persettekstil.com.tr\/wp-content\/uploads\/2023\/11\/pexels-eva-bronzini-7641208-683x1024.jpg\" class=\"attachment-large size-large wp-image-1855\" alt=\"\" srcset=\"https:\/\/persettekstil.com.tr\/wp-content\/uploads\/2023\/11\/pexels-eva-bronzini-7641208-683x1024.jpg 683w, https:\/\/persettekstil.com.tr\/wp-content\/uploads\/2023\/11\/pexels-eva-bronzini-7641208-200x300.jpg 200w, https:\/\/persettekstil.com.tr\/wp-content\/uploads\/2023\/11\/pexels-eva-bronzini-7641208-768x1152.jpg 768w, https:\/\/persettekstil.com.tr\/wp-content\/uploads\/2023\/11\/pexels-eva-bronzini-7641208-1024x1536.jpg 1024w, https:\/\/persettekstil.com.tr\/wp-content\/uploads\/2023\/11\/pexels-eva-bronzini-7641208-1365x2048.jpg 1365w, https:\/\/persettekstil.com.tr\/wp-content\/uploads\/2023\/11\/pexels-eva-bronzini-7641208-scaled.jpg 1707w\" sizes=\"(max-width: 683px) 100vw, 683px\" \/>\t\t\t\t\t\t\t\t\t\t\t\t\t\t\t<\/div>\n\t\t\t\t<\/div>\n\t\t\t\t\t<\/div>\n\t\t<\/div>\n\t\t\t\t<div class=\"elementor-column elementor-col-50 elementor-top-column elementor-element elementor-element-bc42c60\" data-id=\"bc42c60\" data-element_type=\"column\" data-e-type=\"column\">\n\t\t\t<div class=\"elementor-widget-wrap elementor-element-populated\">\n\t\t\t\t\t\t<div class=\"elementor-element elementor-element-0073403 elementor-widget elementor-widget-heading\" data-id=\"0073403\" data-element_type=\"widget\" data-e-type=\"widget\" data-widget_type=\"heading.default\">\n\t\t\t\t<div class=\"elementor-widget-container\">\n\t\t\t\t\t<h2 class=\"elementor-heading-title elementor-size-default\">Misyonumuz<br><span style=\"font-size: 17px;font-weight: 500;text-transform: none;white-space: normal\">G\u00fcncelleniyoruz...<\/span><\/h2>\t\t\t\t<\/div>\n\t\t\t\t<\/div>\n\t\t\t\t\t<\/div>\n\t\t<\/div>\n\t\t\t\t\t<\/div>\n\t\t<\/section>\n\t\t\t\t<section class=\"elementor-section elementor-top-section elementor-element elementor-element-86706b8 elementor-section-boxed elementor-section-height-default elementor-section-height-default\" data-id=\"86706b8\" data-element_type=\"section\" data-e-type=\"section\">\n\t\t\t\t\t\t<div class=\"elementor-container elementor-column-gap-default\">\n\t\t\t\t\t<div class=\"elementor-column elementor-col-50 elementor-top-column elementor-element elementor-element-1def4f9\" data-id=\"1def4f9\" data-element_type=\"column\" data-e-type=\"column\">\n\t\t\t<div class=\"elementor-widget-wrap elementor-element-populated\">\n\t\t\t\t\t\t<div class=\"elementor-element elementor-element-d78472e elementor-widget elementor-widget-heading\" data-id=\"d78472e\" data-element_type=\"widget\" data-e-type=\"widget\" data-widget_type=\"heading.default\">\n\t\t\t\t<div class=\"elementor-widget-container\">\n\t\t\t\t\t<h2 class=\"elementor-heading-title elementor-size-default\">V\u0130ZYONUMUZ<br><span style=\"font-size: 17px;font-weight: 500;white-space: normal\">G\u00fcncelleniyoruz...<\/span><\/h2>\t\t\t\t<\/div>\n\t\t\t\t<\/div>\n\t\t\t\t\t<\/div>\n\t\t<\/div>\n\t\t\t\t<div class=\"elementor-column elementor-col-50 elementor-top-column elementor-element elementor-element-7f3892d\" data-id=\"7f3892d\" data-element_type=\"column\" data-e-type=\"column\">\n\t\t\t<div class=\"elementor-widget-wrap elementor-element-populated\">\n\t\t\t\t\t\t<div class=\"elementor-element elementor-element-5424c71 elementor-widget elementor-widget-image\" data-id=\"5424c71\" data-element_type=\"widget\" data-e-type=\"widget\" data-widget_type=\"image.default\">\n\t\t\t\t<div class=\"elementor-widget-container\">\n\t\t\t\t\t\t\t\t\t\t\t\t\t\t\t<img decoding=\"async\" width=\"683\" height=\"1024\" src=\"https:\/\/persettekstil.com.tr\/wp-content\/uploads\/2023\/11\/pexels-mikhail-nilov-7676883-683x1024.jpg\" class=\"attachment-large size-large wp-image-1859\" alt=\"\" srcset=\"https:\/\/persettekstil.com.tr\/wp-content\/uploads\/2023\/11\/pexels-mikhail-nilov-7676883-683x1024.jpg 683w, https:\/\/persettekstil.com.tr\/wp-content\/uploads\/2023\/11\/pexels-mikhail-nilov-7676883-200x300.jpg 200w, https:\/\/persettekstil.com.tr\/wp-content\/uploads\/2023\/11\/pexels-mikhail-nilov-7676883-768x1152.jpg 768w, https:\/\/persettekstil.com.tr\/wp-content\/uploads\/2023\/11\/pexels-mikhail-nilov-7676883-1024x1536.jpg 1024w, https:\/\/persettekstil.com.tr\/wp-content\/uploads\/2023\/11\/pexels-mikhail-nilov-7676883-1365x2048.jpg 1365w, https:\/\/persettekstil.com.tr\/wp-content\/uploads\/2023\/11\/pexels-mikhail-nilov-7676883-scaled.jpg 1707w\" sizes=\"(max-width: 683px) 100vw, 683px\" \/>\t\t\t\t\t\t\t\t\t\t\t\t\t\t\t<\/div>\n\t\t\t\t<\/div>\n\t\t\t\t\t<\/div>\n\t\t<\/div>\n\t\t\t\t\t<\/div>\n\t\t<\/section>\n\t\t\t\t<\/div>\n\t\t","protected":false},"excerpt":{"rendered":"<p>Hakk\u0131m\u0131zda HAKKIMIZDA Perset Tekstil Sanayi Ve Ticaret Limited \u015eirketi, 2008 y\u0131l\u0131nda bug\u00fcne kendini s\u00fcrekli geli\u015ftirerek m\u00fc\u015fterilerine her ge\u00e7en g\u00fcn daha y\u00fcksek kalitede ve daha iyi hizmet vermeyi ama\u00e7lamaktad\u0131r. Bu vizyon do\u011frultusunda 2019 y\u0131l\u0131nda, y\u0131ll\u0131k yakla\u015f\u0131k 2.5 milyon kg \u00fcretim kapasitesine sahip boya ve terbiye tesisi yat\u0131r\u0131m\u0131yla hizmet kalitesini g\u00fc\u00e7lendirmi\u015ftir. Hali haz\u0131rda ba\u015fta ceplik ve g\u00f6mleklik [&hellip;]<\/p>\n","protected":false},"author":1,"featured_media":0,"parent":0,"menu_order":0,"comment_status":"closed","ping_status":"closed","template":"","meta":{"site-sidebar-layout":"no-sidebar","site-content-layout":"page-builder","ast-site-content-layout":"","site-content-style":"default","site-sidebar-style":"default","ast-global-header-display":"","ast-banner-title-visibility":"","ast-main-header-display":"","ast-hfb-above-header-display":"","ast-hfb-below-header-display":"","ast-hfb-mobile-header-display":"","site-post-title":"disabled","ast-breadcrumbs-content":"","ast-featured-img":"disabled","footer-sml-layout":"","theme-transparent-header-meta":"enabled","adv-header-id-meta":"","stick-header-meta":"","header-above-stick-meta":"","header-main-stick-meta":"","header-below-stick-meta":"","astra-migrate-meta-layouts":"default","ast-page-background-enabled":"default","ast-page-background-meta":{"desktop":{"background-color":"var(--ast-global-color-4)","background-image":"","background-repeat":"repeat","background-position":"center center","background-size":"auto","background-attachment":"scroll","background-type":"","background-media":"","overlay-type":"","overlay-color":"","overlay-opacity":"","overlay-gradient":""},"tablet":{"background-color":"","background-image":"","background-repeat":"repeat","background-position":"center center","background-size":"auto","background-attachment":"scroll","background-type":"","background-media":"","overlay-type":"","overlay-color":"","overlay-opacity":"","overlay-gradient":""},"mobile":{"background-color":"","background-image":"","background-repeat":"repeat","background-position":"center center","background-size":"auto","background-attachment":"scroll","background-type":"","background-media":"","overlay-type":"","overlay-color":"","overlay-opacity":"","overlay-gradient":""}},"ast-content-background-meta":{"desktop":{"background-color":"var(--ast-global-color-5)","background-image":"","background-repeat":"repeat","background-position":"center center","background-size":"auto","background-attachment":"scroll","background-type":"","background-media":"","overlay-type":"","overlay-color":"","overlay-opacity":"","overlay-gradient":""},"tablet":{"background-color":"var(--ast-global-color-5)","background-image":"","background-repeat":"repeat","background-position":"center center","background-size":"auto","background-attachment":"scroll","background-type":"","background-media":"","overlay-type":"","overlay-color":"","overlay-opacity":"","overlay-gradient":""},"mobile":{"background-color":"var(--ast-global-color-5)","background-image":"","background-repeat":"repeat","background-position":"center center","background-size":"auto","background-attachment":"scroll","background-type":"","background-media":"","overlay-type":"","overlay-color":"","overlay-opacity":"","overlay-gradient":""}},"footnotes":""},"class_list":["post-14","page","type-page","status-publish","hentry"],"_links":{"self":[{"href":"https:\/\/persettekstil.com.tr\/index.php?rest_route=\/wp\/v2\/pages\/14","targetHints":{"allow":["GET"]}}],"collection":[{"href":"https:\/\/persettekstil.com.tr\/index.php?rest_route=\/wp\/v2\/pages"}],"about":[{"href":"https:\/\/persettekstil.com.tr\/index.php?rest_route=\/wp\/v2\/types\/page"}],"author":[{"embeddable":true,"href":"https:\/\/persettekstil.com.tr\/index.php?rest_route=\/wp\/v2\/users\/1"}],"replies":[{"embeddable":true,"href":"https:\/\/persettekstil.com.tr\/index.php?rest_route=%2Fwp%2Fv2%2Fcomments&post=14"}],"version-history":[{"count":19,"href":"https:\/\/persettekstil.com.tr\/index.php?rest_route=\/wp\/v2\/pages\/14\/revisions"}],"predecessor-version":[{"id":2036,"href":"https:\/\/persettekstil.com.tr\/index.php?rest_route=\/wp\/v2\/pages\/14\/revisions\/2036"}],"wp:attachment":[{"href":"https:\/\/persettekstil.com.tr\/index.php?rest_route=%2Fwp%2Fv2%2Fmedia&parent=14"}],"curies":[{"name":"wp","href":"https:\/\/api.w.org\/{rel}","templated":true}]}}